{"id":254,"date":"2025-10-04T19:09:09","date_gmt":"2025-10-04T17:09:09","guid":{"rendered":"https:\/\/tierarztpraxis-kubicek.de\/?page_id=254"},"modified":"2025-10-23T22:17:24","modified_gmt":"2025-10-23T20:17:24","slug":"elementor-stranka-254","status":"publish","type":"page","link":"https:\/\/tierarztpraxis-kubicek.de\/?page_id=254","title":{"rendered":"Impressum"},"content":{"rendered":"\t\t<div data-elementor-type=\"wp-page\" data-elementor-id=\"254\" class=\"elementor elementor-254\" data-elementor-post-type=\"page\">\n\t\t\t\t<div class=\"elementor-element elementor-element-5309207 e-flex e-con-boxed e-con e-parent\" data-id=\"5309207\" data-element_type=\"container\" data-e-type=\"container\">\n\t\t\t\t\t<div class=\"e-con-inner\">\n\t\t\t\t<div class=\"elementor-element elementor-element-ce86b61 elementor-widget elementor-widget-text-editor\" data-id=\"ce86b61\" data-element_type=\"widget\" data-e-type=\"widget\" data-widget_type=\"text-editor.default\">\n\t\t\t\t\t\t\t\t\t<div class=\"twelve columns\"><h2>Impressum<\/h2><p>Angaben gem\u00e4\u00df \u00a7 5 Telemediengesetz<\/p><p><strong>Tierarztpraxis\u00a0 MVDr. Katerina Kubicek<\/strong><br \/>Werner-von-Siemens Str.\u00a0 62<br \/>92224 Amberg<br \/>Tel. 09621 9609930<br \/>E-Mail: <a href=\"mailto:info@kleintierpraxisamloderhof.de\">info@tierarztpraxis-kubicek.de<\/a><\/p><p>USt-IdNr. DE456808849\u00a0<br \/>Gesch\u00e4ftsf\u00fchrung: MVDr. Katerina Kubicek<\/p><p><strong>Zust\u00e4ndige Tier\u00e4rztekammer:<\/strong><\/p><p>Bayerische Landestier\u00e4rztekammer<br \/>Bavariastra\u00dfe 7a<br \/>80336 M\u00fcnchen<br \/>Tel.: 089 219908-0<br \/>E-Mail: <a href=\"mailto:kontakt@bltk.de\">kontakt@bltk.de<\/a><\/p><p><strong>Berufsbezeichnung:<\/strong> Tierarzt\/Tier\u00e4rztin<\/p><p><strong>Berufsrechtliche Regelungen:<\/strong><\/p><p>Bundes-Tier\u00e4rzteordnung <br \/><a href=\"https:\/\/www.gesetze-im-internet.de\/bt_o\/BJNR004160965.html\" target=\"_blank\" rel=\"noopener\">https:\/\/www.gesetze-im-internet.de\/bt_o\/BJNR004160965.html<\/a><\/p><p>Geb\u00fchrenordnung f\u00fcr Tier\u00e4rzte (GOT) <a href=\"https:\/\/www.bundestieraerztekammer.de\/tieraerzte\/beruf\/got\/\" target=\"_blank\" rel=\"noopener\">https:\/\/www.bundestieraerztekammer.de\/tieraerzte\/beruf\/got\/<\/a><\/p><p>Berufsordnung f\u00fcr Tier\u00e4ztinnen und Tier\u00e4rzte in Bayern und Heilberufe-Kammergesetz &#8211; HKaG <br \/><a href=\"https:\/\/www.bltk.de\/tieraerzte-innen\/berufsausuebung\/berufsordnung-fuer-tieraerztinnen-und-tieraerzte-in-bayern\/\" target=\"_blank\" rel=\"noopener\">ww.bltk.de\/tieraerzte-innen\/berufsausuebung\/berufsordnung-fuer-tieraerztinnen-und-tieraerzte-in-bayern\/<\/a><\/p><p>Dieses Impressum gilt auch f\u00fcr unsere Social Media-Profile (wie z.B. Facebook).<\/p><\/div>\t\t\t\t\t\t\t\t<\/div>\n\t\t\t\t\t<\/div>\n\t\t\t\t<\/div>\n\t\t\t\t<\/div>\n\t\t","protected":false},"excerpt":{"rendered":"<p>Impressum Angaben gem\u00e4\u00df \u00a7 5 Telemediengesetz Tierarztpraxis\u00a0 MVDr. Katerina KubicekWerner-von-Siemens Str.\u00a0 6292224 AmbergTel. 09621 9609930E-Mail: info@tierarztpraxis-kubicek.de USt-IdNr. DE456808849\u00a0Gesch\u00e4ftsf\u00fchrung: MVDr. Katerina Kubicek Zust\u00e4ndige Tier\u00e4rztekammer: Bayerische Landestier\u00e4rztekammerBavariastra\u00dfe 7a80336 M\u00fcnchenTel.: 089 219908-0E-Mail: kontakt@bltk.de Berufsbezeichnung: Tierarzt\/Tier\u00e4rztin Berufsrechtliche Regelungen: Bundes-Tier\u00e4rzteordnung https:\/\/www.gesetze-im-internet.de\/bt_o\/BJNR004160965.html Geb\u00fchrenordnung f\u00fcr Tier\u00e4rzte (GOT) https:\/\/www.bundestieraerztekammer.de\/tieraerzte\/beruf\/got\/ Berufsordnung f\u00fcr Tier\u00e4ztinnen und Tier\u00e4rzte in Bayern und Heilberufe-Kammergesetz &#8211; HKaG ww.bltk.de\/tieraerzte-innen\/berufsausuebung\/berufsordnung-fuer-tieraerztinnen-und-tieraerzte-in-bayern\/ Dieses Impressum [&hellip;]<\/p>\n","protected":false},"author":2,"featured_media":0,"parent":0,"menu_order":0,"comment_status":"closed","ping_status":"closed","template":"","meta":{"footnotes":""},"class_list":["post-254","page","type-page","status-publish","hentry"],"_links":{"self":[{"href":"https:\/\/tierarztpraxis-kubicek.de\/index.php?rest_route=\/wp\/v2\/pages\/254","targetHints":{"allow":["GET"]}}],"collection":[{"href":"https:\/\/tierarztpraxis-kubicek.de\/index.php?rest_route=\/wp\/v2\/pages"}],"about":[{"href":"https:\/\/tierarztpraxis-kubicek.de\/index.php?rest_route=\/wp\/v2\/types\/page"}],"author":[{"embeddable":true,"href":"https:\/\/tierarztpraxis-kubicek.de\/index.php?rest_route=\/wp\/v2\/users\/2"}],"replies":[{"embeddable":true,"href":"https:\/\/tierarztpraxis-kubicek.de\/index.php?rest_route=%2Fwp%2Fv2%2Fcomments&post=254"}],"version-history":[{"count":10,"href":"https:\/\/tierarztpraxis-kubicek.de\/index.php?rest_route=\/wp\/v2\/pages\/254\/revisions"}],"predecessor-version":[{"id":457,"href":"https:\/\/tierarztpraxis-kubicek.de\/index.php?rest_route=\/wp\/v2\/pages\/254\/revisions\/457"}],"wp:attachment":[{"href":"https:\/\/tierarztpraxis-kubicek.de\/index.php?rest_route=%2Fwp%2Fv2%2Fmedia&parent=254"}],"curies":[{"name":"wp","href":"https:\/\/api.w.org\/{rel}","templated":true}]}}